1 + -2 - (-31 - -5). Calculate the highest common divisor of 216 and z.
27
Let s be (-1294)/(-8) - (-2)/8. Suppose -115 + 20 = -5*b - 5*l, b = 2*l + 16. What is the greatest common factor of s and b?
18
Let f(o) = 3*o**2 - 2*o. Let n be f(4). Let t(x) = x**2 - 3*x - 5. Let h be t(5). Calculate the highest common divisor of n and h.
5
Let o(x) = 2*x. Let j = -2 - -4. Let f be o(j). Suppose -70 = -5*m - 5*t, -2*m = -f*m + 3*t + 18. Calculate the greatest common factor of 48 and m.
12
Let u be -3 + (0 - 2/(-2)). Let p be (u - -6) + (3 - 1). Let o be p + 0 + 2 + 0. Calculate the highest common factor of 8 and o.
8
Let u = -6 - -4. Let q(a) = -2*a**2 - 4*a - 2. Let g be q(u). Let m be (g/(-5))/((-3)/(-525)). What is the highest common divisor of m and 10?
10
Let n be 69/5 - (-2)/10. Let o be ((-40)/50)/((-1)/70). What is the highest common factor of n and o?
14
Suppose -4*n = -8, -4*u - 34 = 3*n - 232. Calculate the highest common divisor of 120 and u.
24
Let m(n) = -n**2 - 13*n - 20. Let z be m(-7). Calculate the greatest common divisor of 55 and z.
11
Let t be ((-3)/(-2))/(5/(-10)). Let y be 4/6 + t/(-9). Let x be 1 + (2/1 - -2). What is the greatest common divisor of x and y?
1
Let i(u) = -1 + 9*u**3 + 6*u**3 - 1 + u - 16*u**3. Let w be i(-2). Calculate the highest common factor of w and 20.
4
Let x be (-151)/(-2) - 6/(-12). What is the highest common factor of 19 and x?
19
Let q(d) = -15 - 9 - 7 - 9 + 3*d. Let g(k) = 7*k - 80. Let u(l) = 2*g(l) - 5*q(l). Let c be u(0). What is the highest common divisor of 5 and c?
5
Suppose 0 = -0*h + 3*h + 2*q - 94, -q = -2. Let b = h + -20. Let y = -214 - -324. Calculate the highest common factor of b and y.
10
Let t = -10 + 4. Let x = 8 + t. Calculate the highest common divisor of x and 22.
2
Suppose -3 = a - 5. Suppose a*q + 6 = 14. What is the greatest common factor of 4 and q?
4
Let q = 3 + -1. Let j be (-8)/(-12)*33/q. Calculate the greatest common factor of j and 22.
11
Let j(w) = w**3 + 7*w**2 - 8*w + 10. Let y be j(-8). Let r be (-66)/(-14) + (-2)/(-7). What is the greatest common factor of y and r?
5
Let u = -16 - -23. Suppose 3*k - 13 = -u. Calculate the highest common divisor of k and 22.
2
Let m(w) = -38*w - 4. Let q be m(-3). Let f be (6/4)/(15/q). Calculate the highest common divisor of 11 and f.
11
Let u = 9 - 7. Let a be (8/12)/(u/57). Calculate the greatest common factor of a and 95.
19
Let s be (-63)/(-2) - 12/8. Suppose 5*o = -0*o + s. What is the highest common factor of 18 and o?
6
Let l(g) = -g - 7. Let j(b) = -3*b**2 + b + 2. Let x be j(2). Let i be l(x). Let w = 12 - 1. What is the greatest common factor of i and w?
1
Let q(t) = 11*t - 1. Let g be q(6). Suppose 0 = -3*z - 168 - 45. Let k = -45 - z. What is the greatest common divisor of g and k?
13
Let b = 146 - 80. Calculate the highest common factor of 12 and b.
6
Let m(c) = 4*c**2 + 2*c. Let u be ((-24)/18)/(4/6). Let t be m(u). Calculate the greatest common divisor of t and 6.
6
Let s be 275/(-22)*(-1 + -1). What is the highest common factor of 10 and s?
5
Let a(l) = -l**2 - 20*l - 27. Let q be a(-8). Calculate the highest common factor of 46 and q.
23
Let p(v) = 5*v**2 - 6*v + 4. Let g be p(4). Let d(r) = r**3 + 5*r**2 + 2*r. Let n be d(-3). Calculate the greatest common divisor of n and g.
12
Let v(f) = -f**2 + 10*f + 12. Let u be v(8). What is the highest common factor of 8 and u?
4
Suppose o - 4 = 2*o, -2*m = -4*o - 24. Suppose 4 = -m*z + 44. Calculate the highest common divisor of z and 60.
10
Let c be (-2)/8 - (-430)/(-40). Let w = 15 - c. Let p = -30 + 69. What is the highest common divisor of w and p?
13
Let c be 2/2*(15 + -15). Let w(d) = d**2 + d - 2. Let n be w(2). Let h = n + c. Calculate the highest common factor of h and 6.
2
Let r be (156/65)/(0 + (-6)/(-20)). What is the highest common divisor of r and 24?
8
Suppose 2*y = 7*y + 30. Let t be (17/4)/(y/(-24)). Calculate the highest common factor of t and 17.
17
Let l = -3 - -2. Let b = -1 - l. Let n be (-21)/(-3) - 1 - b. Calculate the highest common factor of n and 9.
3
Let v = -3 - -6. Suppose x + 2*r = 36, 5*r - 163 = -5*x + 17. Let b = v + x. What is the greatest common divisor of b and 13?
13
Let h be (3/(-2))/(6/(-8)). Let p(q) = -3*q - 8. Let g be p(-8). Calculate the greatest common factor of g and h.
2
Let v = -6 + 6. Suppose -110 = -v*n - 5*n. What is the highest common divisor of n and 44?
22
Suppose -11*m - 114 = -14*m. What is the greatest common factor of m and 57?
19
Suppose 16*j + 105 = 17*j. Let w(d) be the second derivative of 5*d**4/12 - d**3/3 - d**2/2 - d. Let u be w(2). What is the greatest common factor of u and j?
15
Suppose -28 = -8*v + 220. What is the highest common factor of v and 341?
31
Let t(l) = -6*l**2 - 2. Let g be t(-2). Let i = 18 - g. What is the greatest common factor of 11 and i?
11
Suppose -4 = -4*h - 0*h, 4*h - 16 = -3*v. Calculate the greatest common divisor of v and 1.
1
Let g be ((-5)/((-20)/(-16)))/(4/(-10)). Calculate the highest common factor of g and 10.
10
Let d(j) = j**3 - 11*j**2 + 3*j + 7. Let g be (1/4)/(16/704). Let b be d(g). Let p(u) = 4*u - 3. Let m be p(2). What is the greatest common factor of b and m?
5
Suppose -4*s - 125 - 55 = -4*n, -5*s + 15 = n. Let r be 3 + -2 - (6 - 2). Let m be r/(7 + 2)*-15. Calculate the greatest common factor of n and m.
5
Suppose 19 + 11 = y. Calculate the highest common factor of 12 and y.
6
Let d(u) = -u**2 + 2*u + 27. Let c be d(5). Calculate the greatest common factor of c and 372.
12
Let f be (2/(-6))/((-7)/168). Calculate the greatest common divisor of 8 and f.
8
Let j(c) = c**3 + c**2 + c - 1. Let z be j(0). Let u be z - 1 - (-111 + -1). Let q = 173 - u. Calculate the highest common divisor of 7 and q.
7
Let q(h) = h**3 + 4*h**2 - 2*h - 4. Let i = -3 + 0. Let d be q(i). Calculate the greatest common divisor of 1 and d.
1
Let k(m) = 1. Let s(f) = -f**2 - 9*f + 24. Let c(w) = -3*k(w) + s(w). Let t be c(-9). Calculate the highest common divisor of 21 and t.
21
Let l be 1 - (-34 + 4/2). Let g(k) = 3*k - 13. Let x be g(8). What is the highest common factor of x and l?
11
Suppose -3*l - 9 = 0, 4*q - 24 = 2*q - 4*l. What is the highest common factor of 72 and q?
18
Suppose 4*l - 14 = -2. Let y be -2 + l/(9/(-12)). Let i = y - -9. Calculate the highest common divisor of 3 and i.
3
Let o be (-39)/9*(10 + -1). Let x = o - -123. What is the highest common divisor of x and 12?
12
Let c(p) = -3*p - 6. Let g be c(-6). What is the greatest common divisor of 6 and g?
6
Let f be (-10)/65 + (-524)/(-26). What is the highest common factor of 30 and f?
10
Let y(n) = n**2 + 7*n + 18. Let b be y(-5). Suppose 0 = -4*a + 3*a + 8. Calculate the highest common divisor of b and a.
8
Suppose -2*p + 540 = -0*p. Suppose -h = -6*h + p. Calculate the greatest common divisor of 6 and h.
6
Suppose u = -d + 4, -4*d = -2*d - 3*u - 13. Suppose 2*l - 200 = -3*l. Calculate the highest common divisor of d and l.
5
Suppose 0 = 4*q + 2*i + 3*i - 36, 2*q - 18 = 3*i. Suppose -q + 45 = 4*t. What is the highest common factor of 3 and t?
3
Let c(k) = k**2 - 8*k - 3. Let y be c(7). Let i = 115 - y. Calculate the highest common divisor of i and 25.
25
Let k = -14 + 14. Suppose -g + m = -111, -m + 2 - 1 = k. What is the greatest common factor of 16 and g?
16
Let r = 2 - -1. Suppose -r*l = -0*l. Suppose l = -2*c + 3*j + 297, -4*c + 2*j = -2*c - 300. Calculate the highest common divisor of 17 and c.
17
Suppose -3*k = -4*a + 39, a + a - 3*k - 21 = 0. Calculate the highest common factor of 9 and a.
9
Let a(b) = b + 4. Let w be a(1). Calculate the greatest common factor of 10 and w.
5
Let r = -132 + 82. Let o = -5 - r. Suppose -5*b + 40 = -5*v, 4*b = -2*v - 1 + 15. What is the greatest common factor of b and o?
5
Let y = 20 + -5. What is the highest common divisor of y and 105?
15
Suppose 0 = 5*d + v - 829, 491 = 2*d + d - v. What is the greatest common divisor of d and 15?
15
Suppose -200 = -4*m + 2*f, -2*m = 5*f - 3*f - 112. What is the highest common divisor of 39 and m?
13
Let a = 43 - 28. Suppose -6 - 54 = -2*f. Calculate the highest common divisor of a and f.
15
Let c(l) be the third derivative of 61*l**5/60 + l**4/24 - l**2. Let f be c(-1). Calculate the highest common divisor of 12 and f.
12
Let a(o) = o**3 + 4*o**